*h + 17 + 53 = l. Give d(h).
-5
Let m(w) be the first derivative of -w**4/24 + 59*w**2/2 - 17. Let u(n) be the second derivative of m(n). Give u(0).
0
Let q = -211 + 216. Let i(j) = 5*j + q*j - 2 - 17*j + 6*j. Determine i(-2).
0
Let k(w) = -44*w - 262. Let c be (5 + (1 - 4))/((-9)/(-27)*-1). What is k(c)?
2
Let m(i) = -7*i**2 + 1. Let a(l) be the second derivative of -l**3/6 + 5*l**2 - 202*l. Suppose -o = o - 18. Let g be a(o). What is m(g)?
-6
Let c(z) = -6*z**2 - 16*z. Let j(n) = -311*n - 2800. Let t be j(-9). Calculate c(t).
10
Let f(k) = k**2 - k + 3. Let z be f(0). Let b(m) = -2*m**3 - 2*m**3 + 0*m**3 + m + 11*m**3 + 4*m**2 - 8*m**3 + 2. What is b(z)?
14
Let l(f) = f**2 + 10*f + 8. Let h(m) = m**2 - 5*m + 7. Let d be h(5). Let i be 189/(-18)*(-15)/d*6. Let u be (3 - i/12) + (-3)/4. Calculate l(u).
-1
Suppose 4*q + 19 + 13 = 0. Let a(z) = -10*z - 20. Let s(h) = 3*h + 6. Let b(j) = 2*a(j) + 7*s(j). Determine b(q).
-6
Let n(y) be the third derivative of -y**9/15120 - y**8/20160 - y**5/20 - y**3/2 + 35*y**2. Let d(f) be the third derivative of n(f). What is d(1)?
-5
Let a = -2138 + 2136. Let n(p) = -p + 9. Calculate n(a).
11
Suppose 22*j = -31*j - 265. Let t(q) be the second derivative of -5*q**3/6 - 10*q. Calculate t(j).
25
Let a(x) = 2 + 1 + 0*x - 6 + 2*x. Let b(y) = y**3 - 3*y**2 - 3*y + 5. Let u be 2*28/32 + (-2)/(-8). Let v be b(u). What is a(v)?
-13
Let p(j) = j - 15. Suppose -4*o + 3*u = 36, o - 6 = -6*u + 3*u. Let f be 3/((-9)/o) - (-11 - -1). Calculate p(f).
-3
Let q(z) be the first derivative of -z**3/6 + 5*z**2/2 + 128*z - 68. Let i(h) be the first derivative of q(h). Give i(4).
1
Let r(p) be the first derivative of -2*p - 13 - 1/3*p**3 - 11/2*p**2. Determine r(-8).
22
Suppose h - 287 = -294. Let o(j) = j**3 + 7*j**2 + j + 20. What is o(h)?
13
Let s(o) be the first derivative of -526 - 7/2*o**2 - 1/3*o**3 + o. Suppose -3*j + 6 = 30. Determine s(j).
-7
Let z = 202 - 104. Suppose -12*w + z = 14. Let o(q) = q**3 - 5*q**2 - 9*q + 5. What is o(w)?
40
Let u(q) be the first derivative of q - 57 - 1/2*q**2. Determine u(-3).
4
Let u(a) be the third derivative of 0 - 4/3*a**3 - 1/12*a**4 - 210*a**2 + 0*a. Determine u(-9).
10
Suppose -34 - 116 = 25*f. Let y(p) = -p**3 - 2*p**2 - 7*p. Let b(x) = -x**3 - 3*x**2 - 7*x + 1. Let r(a) = -5*b(a) + 4*y(a). Calculate r(f).
-11
Let u(d) = d + 17. Let v be u(-7). Suppose 2*a - 18 + v = 0. Let j(z) = -z + 3*z - a - z**2 + 2*z**2 - z. Determine j(3).
8
Let h = 190 - 167. Let n(t) = -21 - 22*t**2 + 24 - 6*t + h*t**2. What is n(4)?
-5
Let i(a) = -a**3 + 4*a**2 + 7*a - 4. Let h(b) = b**3 + 17*b**2 + 40*b - 31. Let f be h(-14). Let z(d) = -2*d**3 - 12*d**2 - 18*d + 5. Let p be z(f). Give i(p).
6
Let k(l) = -4*l + 7. Let x = -475 - -471. Determine k(x).
23
Let d be -2 + -12*2/6. Let f(b) = 2*b**2 + 10*b - 4. Determine f(d).
8
Let q(n) = 5*n**2 + 5*n + 7. Let w(r) = -3*r**2 + 3*r - 1. Let j(l) = -q(l) - 2*w(l). Calculate j(10).
-15
Let j(r) = -r + 10. Let l be j(7). Let z(a) = l + 750*a - 11 - 749*a. Calculate z(5).
-3
Let o = 134 + -132. Let p(n) = 0 + 2 - 3*n + o*n - 1. Let f(i) = -i - 5. Let l be f(-5). Calculate p(l).
1
Let n(q) be the third derivative of q**5/60 - 3*q**4/4 + 4*q**3/3 + 1902*q**2. What is n(17)?
-9
Let g(m) = 2*m. Let x be g(5). Suppose 10 = -u + 3*y, -5*u = -y - 4*y + x. Let w(z) = -2 + z + 3 - u. Determine w(0).
-1
Let h(k) = 5 + 3314*k - 6647*k + 3330*k - k**3 + 9*k**2. Let f(o) = o**2 - 4*o - 4. Let c be f(6). What is h(c)?
45
Let y be 1 - (9 - 1 - (-136 + 136)). Let w(u) = u**2 + 11*u + 1. Calculate w(y).
-27
Let x(m) = -4*m**3 - m**2 - 2*m - 1. Let u(n) = -27*n**3 + 16*n - 26. Let r be u(3). Let y = -708 - r. Determine x(y).
4
Let w be (4/6)/((-54)/(-324)) - 2. Let y(v) be the third derivative of 0 - 1/6*v**5 + 1/24*v**4 - 12*v**w + 0*v**3 + 0*v. What is y(1)?
-9
Suppose -121*o = -133*o + 24. Suppose -h = -2*h. Suppose h - 4 = -o*c. Let y(u) = -2*u**3 + 4*u - 3. What is y(c)?
-11
Let g(u) = 7*u**2 + 10*u + 3. Let y(f) = -3*f**2 - 5*f - 1. Let j(l) = -4*g(l) - 9*y(l). Let a = -58 - -7. Let w be 9/(-1)*34/a. Give j(w).
-9
Suppose 0*s - 4*s = 20. Let m(q) be the third derivative of 0 + 23*q**2 + 7/6*q**3 + 1/60*q**5 + 1/4*q**4 + 0*q. Calculate m(s).
2
Let j(g) be the first derivative of -g**6/360 + g**5/15 - g**4/6 + 88*g**3/3 + 44. Let w(c) be the third derivative of j(c). Calculate w(8).
-4
Let c(j) = -2*j**3 - 2*j**2 - 3*j - 1. Let u be c(-1). Suppose -2*z = -5*d + 3*d + 4, -2*d + 12 = u*z. Let f(o) = -o**2 - 3*o + 2. Determine f(d).
-26
Suppose 7*r + 322 - 336 = 0. Let i(p) = 4*p**2 - 23*p + 36. Give i(r).
6
Let y = -196 + 189. Let a be 4/y + (-741)/(-133). Let o(k) = -k**2 + 8*k - 7. Calculate o(a).
8
Let t(c) = c**2 - 2. Let p(z) = -11*z + 8. Let y be p(2). Let q be 33/(-77) + (-6)/y + 12. Let r = -10 + q. Determine t(r).
2
Let a(d) be the first derivative of d**4/4 - 2*d**3/3 + d**2/2 + 6. Let g(i) = 7*i**3 - 12*i**2 + 7*i - 10. Let t(c) = -6*a(c) + g(c). What is t(0)?
-10
Let p(n) = -10*n + 253. Let y(q) = -q**2 - 8*q + 34. Let f be y(-9). Determine p(f).
3
Suppose 6 - 31 = -5*j. Suppose 4*z = 5*w + 30, -j*w - z - 5 = -0*z. Let h(u) = 3*u**3 + 3*u**2 + u - 2. Give h(w).
-16
Let a(i) = i**3 - 2*i**2 - 1. Let n(h) be the second derivative of -3*h**4/4 - 2*h**3/3 - 2*h**2 + 18*h. Let u be n(2). Let r = -46 - u. Determine a(r).
-1
Let q(n) be the first derivative of 100 - 1/3*n**3 + 5/2*n**2 - n. Give q(5).
-1
Let x(d) = d**3 - 24*d**2 + 161*d - 296. Let l be x(14). Let h(f) = f**2 + 4*f + 4. Let o(w) = -3*w - 3. Let q(c) = -3*h(c) - 2*o(c). Calculate q(l).
-6
Let q(o) be the first derivative of -o**4/12 + 17*o**3/6 - 19*o**2/2 + 7*o - 48. Let d(j) be the first derivative of q(j). Determine d(16).
-3
Suppose 5*q + 5*k - 75 = 0, 3*k + 3 = q - 20. Let z(u) = 3*u + 50 - u**2 - q*u - 62. Determine z(-13).
1
Let u be (-105)/10 + 1/2. Let l(v) be the first derivative of 0*v + 111 - 1/2*v**2. What is l(u)?
10
Let t(y) = -4136 + 2068 - 6*y + y + 2081 - 7*y. Determine t(4).
-35
Let j(c) = -3*c**3 + 16*c**2 + 33*c + 25. Let i(s) = 5*s**3 - 17*s**2 - 35*s - 28. Let l(a) = 2*i(a) + 3*j(a). Give l(-12).
-41
Let m(f) = -41 - 102*f + 224 + 26. Give m(2).
5
Let a be -3 + 57/21 + 185/35. Let x(m) = -3*m**2 + a*m - 2*m + 1 + 6*m**2 - 2*m**2. Let c be -2*(1 - (-3)/2). Calculate x(c).
11
Let b(z) = 6*z**3 - 2*z**3 + 3 + 93058*z + 19*z**2 - 16*z**2 - 93061*z. Give b(1).
7
Let s be 3*(-3)/(-21)*7. Suppose 19 - 4 = s*i. Suppose -4*m = -f + 2 + 5, 4*m + i*f + 37 = 0. Let o(x) = x**3 + x**2 - 4*x. Calculate o(m).
-6
Let a(u) = -3*u**2 + u - 2. Let l(g) = -g**3 - 20*g**2 + 6*g - 21. Let d(h) = -6*a(h) + l(h). Calculate d(-5).
66
Let a(l) = l. Let g be 10/(320/(-12)) - (-5)/(-8). Let r(o) = -3*o + 2 - 10 - 3. Let j(u) = g*r(u) - 4*a(u). Determine j(-8).
19
Let n = 681 - 654. Let l(b) = -3 - 4 + b**2 + 8*b - 9 - 30*b + n*b. Calculate l(-7).
-2
Let u be ((-3)/4)/((-3)/(-12)). Let v(c) be the first derivative of -1/3*c**3 - 2*c**2 + 111 + 2*c. What is v(u)?
5
Let r(g) be the third derivative of -1/3*g**4 + 1/3*g**3 + 0*g + 0 + 20*g**2. Determine r(2).
-14
Let m = 236 + -225. Let w(b) = -6*b**2 - 8*b**2 + 10*b + 26*b**2 - m*b**2 + 2. Determine w(-9).
-7
Let b(q) = -q**2 - 2*q + 0*q + 1 - 3 + q. Suppose 2 = -4*x + 5*p, -p = 5 - 3. Calculate b(x).
-8
Let f(z) be the third derivative of z**6/120 - z**5/10 + z**4/24 + 11*z**3/6 + 2660*z**2. Give f(5).
-9
Let v = -74 + 80. Let l be 20/2*v*(-8)/(-60). Suppose 2*d + k = 5*d + 17, 0 = 2*d + k + l. Let s(h) = -h**2 - 6*h - 4. What is s(d)?
1
Let a(u) = -u**3 + u**2 + u + 1. Let z(g) = 4*g**3 - 5*g**2 - 4*g - 3. Let d = -12 + 18. Suppose 2 = d*b - 4*b. Let f(i) = b*z(i) + 5*a(i). Give f(-2).
8
Let t(z) = z**2 - 12*z + 5. Let q(i) = i**2 - 14*i + 5. Let p be -3*(4 - 6/2). Let n(g) = p*t(g) + 2*q(g). Calculate n(4).
11
Let u be -2*((-63)/(-14))/(-9). Let k(c) = 233*c - 117*c - 117*c - c**2 - u. Let z be (2 - 4)/(2 + 0). Determine k(z).
-1
Suppose 82 = 5*m + 5*w - 63, -4*w = m - 20. Suppose 0 = 6*b - m - 46. Suppose -25 = 6*o - b. Let c(h) = 10*h + 3. What is c(o)?
-17
Let d be (-3237)/(-169) + (-2)/13. Let m(t) = d*t - 60*t + 16*t + 27*t + 1. What is m(0)?
1
Let t(s) = s**3 - 5*s**2 - 2*s + 1. Let u(v) = -v - 4. Let z be u(4). Let m be 70/20*z/(-14). Suppose 3*h - 8 = -4